{"id":87992,"date":"2025-12-07T20:37:00","date_gmt":"2025-12-07T19:37:00","guid":{"rendered":"https:\/\/www.tremblaydefrance.fr\/?page_id=87992"},"modified":"2025-12-07T20:40:18","modified_gmt":"2025-12-07T19:40:18","slug":"elementor-87992","status":"publish","type":"page","link":"https:\/\/www.tremblaydefrance.fr\/?page_id=87992","title":{"rendered":"Logements AG 2026"},"content":{"rendered":"\t\t<div data-elementor-type=\"wp-page\" data-elementor-id=\"87992\" class=\"elementor elementor-87992\">\n\t\t\t\t<div class=\"elementor-element elementor-element-de3a79b e-flex e-con-boxed e-con e-parent\" data-id=\"de3a79b\" data-element_type=\"container\" data-e-type=\"container\">\n\t\t\t\t\t<div class=\"e-con-inner\">\n\t\t\t\t<div class=\"elementor-element elementor-element-4e7579f elementor-widget elementor-widget-heading\" data-id=\"4e7579f\" data-element_type=\"widget\" data-e-type=\"widget\" data-widget_type=\"heading.default\">\n\t\t\t\t<div class=\"elementor-widget-container\">\n\t\t\t\t\t<h2 class=\"elementor-heading-title elementor-size-default\">Liste des logements disponibles pour l'AG 2026<\/h2>\t\t\t\t<\/div>\n\t\t\t\t<\/div>\n\t\t\t\t\t<\/div>\n\t\t\t\t<\/div>\n\t\t<div class=\"elementor-element elementor-element-75daaf9 e-flex e-con-boxed e-con e-parent\" data-id=\"75daaf9\" data-element_type=\"container\" data-e-type=\"container\">\n\t\t\t\t\t<div class=\"e-con-inner\">\n\t\t\t\t<div class=\"elementor-element elementor-element-9e0b155 elementor-widget elementor-widget-text-editor\" data-id=\"9e0b155\" data-element_type=\"widget\" data-e-type=\"widget\" data-widget_type=\"text-editor.default\">\n\t\t\t\t<div class=\"elementor-widget-container\">\n\t\t\t\t\t\t\t\t\t<p><u>\u00a0<\/u><strong><u>H\u00d4TELS <\/u><\/strong><\/p><p><strong>\u00a0<\/strong><\/p><p><strong>*Le Relais du P&rsquo;tit Rest&rsquo;\u00f4 Perche <\/strong><\/p><p>Bar\/Restaurant\/H\u00f4tel routier.<\/p><p>10 ch &#8211; 18 personnes<\/p><p>H\u00f4tel ouvert 7j \/7 sans petit d\u00e9jeuner.<\/p><p>\u00c0 partir de 55\u20ac la nuit + 0.50cts de taxe de s\u00e9jour.<\/p><p>Petit d\u00e9jeuner : formule \u00e0 partir de 5\u20ac.<\/p><p>Les Croix Chemins<\/p><p>61190 Tourouvre<\/p><p>02 33 25 79 90 \/07 48 12 07 01<\/p><p>Facebook :Le p&rsquo;tit rest&rsquo;\u00f4 Perche<\/p><p>ludovic.binois@sfr.fr<\/p><p><strong>\u00a0<\/strong><\/p><p><strong>*Perche H\u00f4tel de France <\/strong><\/p><p>Bar\/Restaurant\/H\u00f4tel<\/p><p>10 ch dont 1 twin &#8211; 20 pers Ouvert 7j\/7j<\/p><p>A partir de 75 \u20ac la nuit ch simple A partir de 85\u20ac la nuit ch sup\u00e9rieur<\/p><p>+ 0.50cts de taxe de s\u00e9jour<\/p><p>Petit d\u00e9jeuner 9\u20ac Animaux accept\u00e9s jusqu&rsquo;\u00e0 20kg 5\u20ac la nuit\u00e9e<\/p><p>Cyclistes bienvenus.<\/p><p>19, rue du 13 ao\u00fbt 1944<\/p><p>02 33 25 73 55 \/ 06 89 38 06 33<\/p><p>www.perchehoteldefrance.fr<\/p><p>bonjour@perchehoteldefrance.fr<\/p><p>Facebook : Perche H\u00f4tel Restaurant de France<\/p><p>Instagram: perchehoteldeFrance 2<\/p><p><strong><u>G\u00ceTES <\/u><\/strong><\/p><p><strong>\u00a0<\/strong><\/p><p><strong>Autheuil : <\/strong><\/p><p><strong>*Le Chat Qui Perche <\/strong><\/p><p>3 chambres (1 lit au rez-de-chauss\u00e9e)- 6 pers.<\/p><p>De 210\u20ac \u00e0 255\u20ac la nuit pour 2 nuits minimum<\/p><p>La Haute Duquerie<\/p><p>06 17 01 41 29 ou 09 71 33 39 57<\/p><p>florence.kami@free.fr<\/p><p>Airbn&rsquo;b<\/p><p><strong>\u00a0<\/strong><\/p><p><strong>Bubertr\u00e9 <\/strong><\/p><p><strong>*Maison Bubertr\u00e9 <\/strong><\/p><p>4 chambres (1 chbre au rez-de-Chauss\u00e9) &#8211; 8 pers.<\/p><p>A partir de 260 \u20ac la nuit pour 2 nuits minimum.<\/p><p>55 la For\u00eat<\/p><p>06 63 11 63 64<\/p><p>laurentbenichou@hotmail.com<\/p><p><strong>La Poterie au Perche <\/strong><\/p><p><strong>*Maison LOMA <\/strong><\/p><p>2 chambres au rez-de-chauss\u00e9e &#8211; 4 pers + 1 b\u00e9b\u00e9.<\/p><p>\u00c0 partir de 105 \u20ac la nuit avec 5 nuits minimum<\/p><p>Adresse \u00e0 la r\u00e9servation<\/p><p>06 66 38 51 58<\/p><p>lauramen7@gmail.com<\/p><p>https:\/\/airbnb.com\/h\/maisonlomaperche<\/p><p>Cyclistes bienvenus 3<\/p><p><strong>*Ch\u00e2teau de la Guimandi\u00e8re <\/strong><\/p><p>7 chambres &#8211; 14 pers.<\/p><p>De 1400\u20ac le week-end, du vendredi au dimanche \u00e0 2900\u20ac la semaine.<\/p><p>La Guimandi\u00e8re<\/p><p>06 62 51 94 90<\/p><p>fbaggio@hotmail.fr<\/p><p>Site Airb&rsquo;nb<\/p><p><strong>\u00a0<\/strong><\/p><p><strong>La Ventrouze <\/strong><\/p><p><strong>*Sous Le Tilleul <\/strong><\/p><p>3 chambres au rez-de-chauss\u00e9e &#8211; 2 \u00e0 5 personnes.<\/p><p>A partir de 75\u20ac la nuit (minimum 2 nuits)<\/p><p>5, Carrefour Sainte-Anne<\/p><p>06 23 26 45 29 ou 06 16 56 64 56<\/p><p>michelejacopin@gmail.com<\/p><p>gitesduperche.com\/sous-le-tilleul<\/p><p><strong>Accueil cycliste <\/strong><\/p><p>En savoir plus<\/p><p><strong>\u00a0<\/strong><\/p><p><strong>L\u2019H\u00f4me-Chamondot <\/strong><\/p><p><strong>*Ch\u00e2teau de Miserai et Moulin de Brotz <\/strong><\/p><p>Le Ch\u00e2teau : 8 ch. \/ 16 pers.<\/p><p>La Maison d&rsquo;H\u00f4tes : 3 ch. \/ 8 pers.<\/p><p>Le Moulin de Brotz : 4 ch. \/ 12 pers.<\/p><p>La Ferme : 4 ch. \/ 9 pers.<\/p><p>Le Haut de l\u2019Ongl\u00e9e<\/p><p>06 30 71 28 72<\/p><p>c.leys@miserai.com<\/p><p>miserai.com<\/p><p><strong>Longny au Perche <\/strong><\/p><p><strong>\u00a0<\/strong><\/p><p><strong>*Boulogne <\/strong><\/p><p>3 chambres &#8211; 6 personnes<\/p><p>\u00c0 partir de 445 \u20ac la semaine<\/p><p>Boulogne<\/p><p>06 31 54 26 66<\/p><p>giteboulognelongny@gmail.com<\/p><p>Site G\u00eete de France<\/p><p><strong>\u00a0<\/strong><\/p><p><strong>*La Petite Venise <\/strong><\/p><p>2 chambres &#8211; 5 personnes.<\/p><p>\u00c0 partir de 120\u20ac la nuit<\/p><p>1, rue de la Fontaine d&rsquo;Or<\/p><p>06 07 06 19 00<\/p><p>contact@tantepim.com<\/p><p>tantepim.com<\/p><p><strong>\u00a0<\/strong><\/p><p><strong>*La Maison Neuve <\/strong><\/p><p>6 chambre \u2013 13 personnes<\/p><p>A partir de 970 \u20ac la semaine<\/p><p>24, rue Aristide Briand<\/p><p>02 33 28 07 00<\/p><p>G\u00eete de France 61G945<\/p><p><strong>Mal\u00e9table <\/strong><\/p><p><strong>\u00a0<\/strong><\/p><p><strong>*La Travaill\u00e8re <\/strong><\/p><p>2 chambres &#8211; 4 personnes<\/p><p>\u00c0 partir de 526\u20ac la semaine ou 347\u20ac le week-end, 2 nuits minimum<\/p><p>La Travaill\u00e8re<\/p><p>02 33 28 07 00 5<\/p><p>resa@ornetourisme.com<\/p><p>Site G\u00eete de France<\/p><p><strong>*Le Chalet du Bourg <\/strong><\/p><p>3 chambres au rez-de-chauss\u00e9e &#8211; 3 \u00e0 6 personnes<\/p><p>\u00c0 partir de 120\u20ac en basse saison \u00e0 170\u20ac la nuit en haute saison &#8211; 2 nuits minimum<\/p><p>Le Bourg<\/p><p>Pour les r\u00e9servations : 06 84 78 17 15<\/p><p>chaletdubourg@gmail.com<\/p><p>www.chaletdubourg.com<\/p><p>Le Chalet du Bourg \/ Gite lumineux au coeur du Perche<\/p><p><strong>\u00a0<\/strong><\/p><p><strong>*La Haute Fonte <\/strong><\/p><p>1 chambre au rez-de-chauss\u00e9e &#8211; 2 \u00e0 4 personnes<\/p><p>\u00c0 partir de 483\u20ac la semaine et 66\u20ac la nuit, 2 nuits minimum<\/p><p>La Haute Fonte<\/p><p>06 89 81 03 66<\/p><p>06 75 21 86 99<\/p><p>christ.trehorel@orange.fr<\/p><p>Site G\u00eetes de France<\/p><p><strong>*Le Moulin des Sablons <\/strong><\/p><p>2 chambres &#8211; 6 personnes<\/p><p>\u00c0 partir de 450\u20ac la semaine pour 4 personnes ou 90\u20ac la nuit (minimum 3 nuits)<\/p><p>Le Moulin des Sablons<\/p><p>02 33 25 13 36<\/p><p>campinglemoulindessablons@orange.fr<\/p><p>campingmoulindessablons.com<\/p><p>Cavaliers bienvenus. Cyclistes bienvenus.<\/p><p><strong>\u00a0<\/strong><\/p><p><strong>Moulicent <\/strong><\/p><p><strong>\u00a0<\/strong><\/p><p><strong>*G\u00eete de la Patrie <\/strong><\/p><p>4 chambres &#8211; 8 personnes<\/p><p>250\u20ac la nuit \/ 2 nuits minimum<\/p><p>10, la Patrie Sud<\/p><p>06 77 38 43 64<\/p><p>sergenath@orange.fr<\/p><p><strong>\u00a0<\/strong><\/p><p><strong>Normandel <\/strong><\/p><p><strong>\u00a0<\/strong><\/p><p><strong>*Les Charmilles <\/strong><\/p><p>3 chambres au rez-de-chauss\u00e9e- 6 personnes + b\u00e9b\u00e9<\/p><p>500 \u20ac la semaine de d\u00e9but octobre \u00e0 fin mars (100\u20ac la nuit\u00e9e)<\/p><p>1000 \u20ac la semaine de d\u00e9but avril \u00e0 fin septembre (144\u20ac la nuit\u00e9e)<\/p><p>2 nuits minimum<\/p><p>Le Roussin<\/p><p>06 03 38 01 06<\/p><p>steflo.bourguignon@free.fr<\/p><p>Site G\u00eetes de France<\/p><p>Cavaliers (cheval au pr\u00e9) bienvenus \/Cyclistes bienvenus<\/p><p><strong>\u00a0<\/strong><\/p><p><strong>*Domaine de la Locheti\u00e8re <\/strong><\/p><p>5 chambres dont 2 au rez-de-chauss\u00e9e &#8211; 10 personnes<\/p><p>\u00c0 partir de 780 \u20ac \/ nuit pour 2 nuits minimum<\/p><p>La Locheti\u00e8re<\/p><p>06 13 99 10 38<\/p><p>sylvia@lochetiere.com<\/p><p>domainedelalochetiere.fr<\/p><p>Cavaliers bienvenus \/ Cyclistes bienvenus<\/p><p><strong>Randonnai <\/strong><\/p><p><strong>\u00a0<\/strong><\/p><p><strong>*Ch\u00e2teau de Ker Yves <\/strong><\/p><p>Le domaine des \u00c9tangs<\/p><p>1 g\u00eete de 3 chambres &#8211; 8 personnes (2 nuits minimum)<\/p><p>2 g\u00eetes de 1 chambre &#8211; 4 personnes (2 nuits minimum)<\/p><p>02 33 34 23 02 ou 06 17 58 70 93<\/p><p>julie.vandewalle@orange.fr<\/p><p>estatelake.com<\/p><p>Cyclistes bienvenus<\/p><p><strong>\u00a0<\/strong><\/p><p><strong>Tourouvre <\/strong><\/p><p><strong>\u00a0<\/strong><\/p><p><strong>*Le Moulin de la Fonte <\/strong><\/p><p>9 ch dont 1 au rez-de-chauss\u00e9e &#8211; De 14 \u00e0 18 pers<\/p><p>\u00c0 partir de 1460 \u20ac le weekend. (2 nuits minimums) et 2420\u20ac la semaine.<\/p><p>Le Moulin de la Fonte<\/p><p>07 71 82 37 98<\/p><p>philippe.blime@wanadoo.fr<\/p><p>Site G\u00eetes de France<\/p><p>Cyclistes bienvenus<\/p><p><strong>\u00a0<\/strong><\/p><p><strong>*La Haute Chesnaie <\/strong><\/p><p>2 chambres &#8211; 4 personnes<\/p><p>(Possibilit\u00e9 d&rsquo;une chambre pour 2 personnes \u00e0 proximit\u00e9)<\/p><p>\u00c0 partir de 90 \u20ac la nuit + 60 \u20ac pour le m\u00e9nage par s\u00e9jour.<\/p><p>Minimum de 3 nuits.<\/p><p>La Haute Chesnaie<\/p><p>06 22 30 59 99<\/p><p>mgghez@gmail.com<\/p><p>Cyclistes bienvenus.<\/p><p><strong>*La Chemin\u00e9e des Coudrais <\/strong><\/p><p>2 chambres &#8211; 5 personnes<\/p><p>A partir de 89\u20ac pour la premi\u00e8re personne puis 17\u20ac la personne suppl\u00e9mentaire et 2 \u20ac par animal.<\/p><p>Location d&rsquo;une nuit possible.<\/p><p>Les Coudrais<\/p><p>06 30 82 23 90<\/p><p>roro.goi@orange.fr<\/p><p>Site Airbnb<\/p><p>Cyclistes bienvenus<\/p><p><strong>\u00a0<\/strong><\/p><p><strong>*Les Lauriers <\/strong><\/p><p>Appartement 2 chambres &#8211; 4 \u00e0 6 personnes.<\/p><p>(Possibilit\u00e9 de rajouter un lit enfant et un lit parapluie)<\/p><p>\u00c0 partir de 90 \u20ac la nuit<\/p><p>(Location \u00e0 la nuit possible mais 2 nuits minimum de pr\u00e9f\u00e9rence)<\/p><p>Les Vergers (presqu&rsquo;en face de la ferme des Vergers)<\/p><p>06 78 01 12 39<\/p><p>Cyclistes bienvenus<\/p><p>nicole.mathys@wanadoo.fr<\/p><p>Site Cybevasion<\/p><p><strong>\u00a0<\/strong><\/p><p><strong>*G\u00eete d&rsquo;\u00e9tape \u00ab\u00a0le Saint laurent\u00a0\u00bb <\/strong><\/p><p>19 chambres , 1 chambre PMR, un dortoir &#8211; 47 pers<\/p><p>22 \u20ac par personne par nuit\u00e9e.<\/p><p>Location \u00e0 la nuit possible.<\/p><p>Place Saint-Laurent en l&rsquo;\u00eele d&rsquo;orl\u00e9ans<\/p><p>07 48 94 11 76\/ 02 33 28 07 00<\/p><p>gite@tourouvreauperche.fr<\/p><p>Site G\u00eetes de France<\/p><p><strong><u>CHAMBRES D\u2019H\u00d4TES <\/u><\/strong><\/p><p><strong>\u00a0<\/strong><\/p><p><strong>Autheuil <\/strong><\/p><p><strong>\u00a0<\/strong><\/p><p><strong>*La Renardi\u00e8re <\/strong><\/p><p>2 ch &#8211; 5 pers<\/p><p>\u00c0 partir de 66\u20ac la nuit pour 2 personnes<\/p><p>La Renardi\u00e8re<\/p><p>61190 Autheuil<\/p><p>02 33 25 20 20 \/ 06 85 22 61 82<\/p><p>monique.coudreau@orange.fr<\/p><p>Site Cybevasion<\/p><p>Cyclistes bienvenus<\/p><p>Possibilit\u00e9 de location \u00e0 la nuit.<\/p><p><strong>\u00a0<\/strong><\/p><p><strong>La Poterie au Perche <\/strong><\/p><p><strong>\u00a0<\/strong><\/p><p><strong>*La Pause Champ\u00eatre <\/strong><\/p><p>3 chambres (2 au rez-de-chauss\u00e9e) &#8211; 7 personnes<\/p><p>\u00c0 partir de 68\u20ac la nuit pour 1 personne et 90\u20ac pour 2 pers Assiette gourmande avec boisson comprise 22\u20ac\/ pers Chiens accept\u00e9s sans suppl\u00e9ment<\/p><p>Champvillon<\/p><p>06 25 03 31 51 ou 02 33 73 61 00<\/p><p>virginie@pausechampetre.fr<\/p><p>pausechampetre.fr<\/p><p>Possibilit\u00e9 de location pour une seule nuit.<\/p><p>Cavaliers bienvenus si \u00e9quipement, cyclistes bienvenus<\/p><p><strong>\u00a0<\/strong><\/p><p><strong>Longny au Perche <\/strong><\/p><p><strong>\u00a0<\/strong><\/p><p><strong>*L\u2019Orangerie <\/strong>3 ch &#8211; 7 pers Tarif de 76\u20ac\/ 2 pers et 64\u20ac\/ 1 pers petit d\u00e9jeuner inclus<\/p><p>Quincadomus 4 ch &#8211; 11 pers Tarif de 86\u20ac\/ 2 pers et 74\u20ac\/ 1 pers petit d\u00e9jeuner inclus<\/p><p>Table d&rsquo;h\u00f4tes sur r\u00e9servation 25\u20ac Assiette Gourmande 17\u20ac<\/p><p>9, rue du Docteur Vivar\u00e8s<\/p><p>61290 Longny-au-Perche<\/p><p>02 33 25 11 78<\/p><p>desailly-fondeur@orange.fr<\/p><p>lorangerie.free.fr<\/p><p>ferm\u00e9 du 15\/12 au 15\/01<\/p><p><strong>\u00a0<\/strong><\/p><p><strong>*The Old Manoir <\/strong><\/p><p>3 chambres &#8211; 5 personnes<\/p><p>\u00c0 partir de 150\u20ac pour 2 personnes (2 nuits minimum)<\/p><p>Table d&rsquo;h\u00f4tes sur r\u00e9servation.<\/p><p>34, rue de Chartres<\/p><p>61290 Longny-au-Perche<\/p><p>06 56 82 57 72<\/p><p>contact@theoldmanoir.fr<\/p><p>theoldmanoir.fr<\/p><p><strong>\u00a0<\/strong><\/p><p><strong>Mal\u00e9table <\/strong><\/p><p><strong>\u00a0<\/strong><\/p><p><strong>*Le Moulin de S\u00e9voux <\/strong><\/p><p>4 ch &#8211; 8 pers<\/p><p>A partir de 98\u20ac par pers ou 110\u20ac pour 2 pers Tables d&rsquo;h\u00f4te sur r\u00e9servation 32\u20ac sauf les mercredis et dimanches<\/p><p>Le Moulin de S\u00e9voux<\/p><p>02 33 25 37 96<\/p><p>moulindesevoux@orange.fr<\/p><p>moulindesevoux.com<\/p><p><strong>Normandel <\/strong><\/p><p><strong>\u00a0<\/strong><\/p><p><strong>*Domaine de la Locheti\u00e8re <\/strong><\/p><p>5 chambres dont 2 au rez-de-chauss\u00e9e &#8211; 10 personnes (enfants \u00e0 partir de 8 ans)<\/p><p>\u00c0 partir de 150\u20ac la nuit (Petit d\u00e9jeuner et acc\u00e8s au jacuzzi inclus) &#8211; 2 nuits minimum<\/p><p>La Locheti\u00e8re<\/p><p>61190 Normandel<\/p><p>06 13 99 10 38<\/p><p>sylvia@lochetiere.com<\/p><p>domainedelalochetiere.fr<\/p><p>Instagram et Facebook : @domainedelalocheti\u00e8re<\/p><p>Cavaliers et cyclistes bienvenus<\/p><p>Location de v\u00e9los<\/p><p>Tables d&rsquo;h\u00f4tes sur r\u00e9servation<\/p><p><strong>\u00a0<\/strong><\/p><p><strong>Randonnai <\/strong><\/p><p><strong>\u00a0<\/strong><\/p><p><strong>*Ch\u00e2teau de Ker Yves <\/strong><\/p><p>2 ch &#8211; 4 pers<\/p><p>Location \u00e0 la nuit possible<\/p><p>350\u20ac\/ semaine Le domaine des \u00c9tangs<\/p><p>61190 Randonnai<\/p><p>06 17 58 70 93<\/p><p>julie.vandewalle@orange.fr<\/p><p>estatelake.com<\/p><p>Cyclistes bienvenus<\/p><p><strong>\u00a0<\/strong><\/p><p><strong>Saint Maurice les charencey <\/strong><\/p><p><strong>\u00a0<\/strong><\/p><p><strong>*Domaine de Gentilly <\/strong><\/p><p>3 ch + 1 suite &#8211; 16 pers A partir de 79\u20ac la nuit 1 maison &#8211; 6 pers \u00e0 partir de 160\u20ac\/nuit pour 6 pers sans petit d\u00e9jeuner 12 \u20ac<\/p><p>Location \u00e0 la nuit\u00e9e possible<\/p><p>Lieu-dit Gentilly<\/p><p>61190 Saint-Maurice L\u00e8s Charencey<\/p><p>06 14 83 39 54 ou 06 67 60 47 01<\/p><p>chambresetjardinsdegentilly@yahoo.com<\/p><p><strong>\u00a0<\/strong><\/p><p><strong>Tourouvre <\/strong><\/p><p><strong>\u00a0<\/strong><\/p><p><strong>*L\u2019\u00c9rable du perche <\/strong><\/p><p>1 chambre &#8211; 4 pers. (Possibilit\u00e9 de louer en formule g\u00eete)<\/p><p>De 65\u20ac pour 1 pers \u00e0 70\u20ac la nuit\u00e9e pour 2 pers (+15\u20ac\/pers suppl\u00e9mentaire)<\/p><p>1 Chemin de Hautes Buttes<\/p><p>61190 Tourouvre<\/p><p>09 77 84 51 96 ou 06 76 83 12 61<\/p><p>Ouvert de d\u00e9but avril \u00e0 fin octobre<\/p><p>Cyclistes bienvenus<\/p><p>lerableduperche@etik.com<\/p><p>G\u00eete de France G1354<\/p><p><strong>\u00a0<\/strong><\/p><p><strong>*La Gentilhommi\u00e8re <\/strong><\/p><p>2 ch &#8211; 3 \u00e0 6 pers<\/p><p>60\u20ac pour 2 pers \/ nuit \/chambre + 20\u20ac\/pers. suppl\u00e9mentaires<\/p><p>Location \u00e0 la nuit\u00e9e possible<\/p><p>Les Coudrais<\/p><p>06 81 32 47 69<\/p><p>frederic.maheux055@orange.fr<\/p><p>Site airbn&rsquo;b<\/p><p>Cyclistes bienvenus<\/p><p><strong>\u00a0<\/strong><\/p><p><strong>*Les Touches du Perche <\/strong><\/p><p>2 ch &#8211; 4 pers<\/p><p>98\u20ac pour 2 pers\/nuit\/chambre 13<\/p><p>127\u20ac pour 4 pers\/nuit<\/p><p>Weekend 2 nuits minimum<\/p><p>Les Touches<\/p><p>06 74 84 26 39<\/p><p>d.mozet@orange.fr<\/p><p><strong>\u00a0<\/strong><\/p><p><strong>*La Maison Tourouvraine <\/strong><\/p><p>1 ch &#8211; 2 pers (3\u00e8me pers sur demande)<\/p><p>De 70\u20ac \u00e0 85\u20ac la nuit en saison<\/p><p>2 nuits minimum<\/p><p>Cyclistes bienvenus<\/p><p>3, cour aux Moines<\/p><p>06 17 63 89 61<\/p><p>lamaisontourouvraine@gmail.com<\/p><p>www.lamaisontourouvraine.co<\/p>\t\t\t\t\t\t\t\t<\/div>\n\t\t\t\t<\/div>\n\t\t\t\t\t<\/div>\n\t\t\t\t<\/div>\n\t\t\t\t<\/div>\n\t\t","protected":false},"excerpt":{"rendered":"<p>Liste des logements disponibles pour l&rsquo;AG 2026 \u00a0H\u00d4TELS \u00a0 *Le Relais du P&rsquo;tit Rest&rsquo;\u00f4 Perche Bar\/Restaurant\/H\u00f4tel routier. 10 ch &#8211; 18 personnes H\u00f4tel ouvert 7j \/7 sans petit d\u00e9jeuner. \u00c0 partir de 55\u20ac la nuit + 0.50cts de taxe de&#8230;<\/p>\n","protected":false},"author":2,"featured_media":0,"parent":0,"menu_order":0,"comment_status":"closed","ping_status":"closed","template":"elementor_header_footer","meta":{"footnotes":""},"class_list":["post-87992","page","type-page","status-publish","hentry"],"yoast_head":"<!-- This site is optimized with the Yoast SEO plugin v26.4 - https:\/\/yoast.com\/wordpress\/plugins\/seo\/ -->\n<title>Logements AG 2026 - Tremblay de France<\/title>\n<meta name=\"description\" content=\"Logements AG 2026\" \/>\n<meta name=\"robots\" content=\"index, follow, max-snippet:-1, max-image-preview:large, max-video-preview:-1\" \/>\n<link rel=\"canonical\" href=\"https:\/\/www.tremblaydefrance.fr\/?page_id=87992\" \/>\n<meta property=\"og:locale\" content=\"fr_FR\" \/>\n<meta property=\"og:type\" content=\"article\" \/>\n<meta property=\"og:title\" content=\"Logements AG 2026 - Tremblay de France\" \/>\n<meta property=\"og:description\" content=\"Logements AG 2026\" \/>\n<meta property=\"og:url\" content=\"https:\/\/www.tremblaydefrance.fr\/?page_id=87992\" \/>\n<meta property=\"article:publisher\" content=\"https:\/\/www.facebook.com\/profile.php?id=100091318592407\" \/>\n<meta property=\"article:modified_time\" content=\"2025-12-07T19:40:18+00:00\" \/>\n<meta name=\"twitter:card\" content=\"summary_large_image\" \/>\n<meta name=\"twitter:label1\" content=\"Dur\u00e9e de lecture estim\u00e9e\" \/>\n\t<meta name=\"twitter:data1\" content=\"9 minutes\" \/>\n<script type=\"application\/ld+json\" class=\"yoast-schema-graph\">{\"@context\":\"https:\/\/schema.org\",\"@graph\":[{\"@type\":\"WebPage\",\"@id\":\"https:\/\/www.tremblaydefrance.fr\/?page_id=87992\",\"url\":\"https:\/\/www.tremblaydefrance.fr\/?page_id=87992\",\"name\":\"Logements AG 2026 - Tremblay de France\",\"isPartOf\":{\"@id\":\"https:\/\/www.tremblaydefrance.fr\/#website\"},\"datePublished\":\"2025-12-07T19:37:00+00:00\",\"dateModified\":\"2025-12-07T19:40:18+00:00\",\"description\":\"Logements AG 2026\",\"breadcrumb\":{\"@id\":\"https:\/\/www.tremblaydefrance.fr\/?page_id=87992#breadcrumb\"},\"inLanguage\":\"fr-FR\",\"potentialAction\":[{\"@type\":\"ReadAction\",\"target\":[\"https:\/\/www.tremblaydefrance.fr\/?page_id=87992\"]}]},{\"@type\":\"BreadcrumbList\",\"@id\":\"https:\/\/www.tremblaydefrance.fr\/?page_id=87992#breadcrumb\",\"itemListElement\":[{\"@type\":\"ListItem\",\"position\":1,\"name\":\"Accueil\",\"item\":\"https:\/\/www.tremblaydefrance.fr\/\"},{\"@type\":\"ListItem\",\"position\":2,\"name\":\"Logements AG 2026\"}]},{\"@type\":\"WebSite\",\"@id\":\"https:\/\/www.tremblaydefrance.fr\/#website\",\"url\":\"https:\/\/www.tremblaydefrance.fr\/\",\"name\":\"Association des Tremblay de France\",\"description\":\"ASSOCIATION DES TREMBLAY DE FRANCE\",\"publisher\":{\"@id\":\"https:\/\/www.tremblaydefrance.fr\/#organization\"},\"alternateName\":\"ATF\",\"potentialAction\":[{\"@type\":\"SearchAction\",\"target\":{\"@type\":\"EntryPoint\",\"urlTemplate\":\"https:\/\/www.tremblaydefrance.fr\/?s={search_term_string}\"},\"query-input\":{\"@type\":\"PropertyValueSpecification\",\"valueRequired\":true,\"valueName\":\"search_term_string\"}}],\"inLanguage\":\"fr-FR\"},{\"@type\":\"Organization\",\"@id\":\"https:\/\/www.tremblaydefrance.fr\/#organization\",\"name\":\"Association des Tremblay de France\",\"alternateName\":\"ATF\",\"url\":\"https:\/\/www.tremblaydefrance.fr\/\",\"logo\":{\"@type\":\"ImageObject\",\"inLanguage\":\"fr-FR\",\"@id\":\"https:\/\/www.tremblaydefrance.fr\/#\/schema\/logo\/image\/\",\"url\":\"https:\/\/www.tremblaydefrance.fr\/wp-content\/uploads\/2025\/10\/cropped-v266-20060023-A_arms_TEVSB.jpg\",\"contentUrl\":\"https:\/\/www.tremblaydefrance.fr\/wp-content\/uploads\/2025\/10\/cropped-v266-20060023-A_arms_TEVSB.jpg\",\"width\":484,\"height\":495,\"caption\":\"Association des Tremblay de France\"},\"image\":{\"@id\":\"https:\/\/www.tremblaydefrance.fr\/#\/schema\/logo\/image\/\"},\"sameAs\":[\"https:\/\/www.facebook.com\/profile.php?id=100091318592407\",\"https:\/\/www.instagram.com\/les_tremblay_de_france_atf\/\"]}]}<\/script>\n<!-- \/ Yoast SEO plugin. -->","yoast_head_json":{"title":"Logements AG 2026 - Tremblay de France","description":"Logements AG 2026","robots":{"index":"index","follow":"follow","max-snippet":"max-snippet:-1","max-image-preview":"max-image-preview:large","max-video-preview":"max-video-preview:-1"},"canonical":"https:\/\/www.tremblaydefrance.fr\/?page_id=87992","og_locale":"fr_FR","og_type":"article","og_title":"Logements AG 2026 - Tremblay de France","og_description":"Logements AG 2026","og_url":"https:\/\/www.tremblaydefrance.fr\/?page_id=87992","article_publisher":"https:\/\/www.facebook.com\/profile.php?id=100091318592407","article_modified_time":"2025-12-07T19:40:18+00:00","twitter_card":"summary_large_image","twitter_misc":{"Dur\u00e9e de lecture estim\u00e9e":"9 minutes"},"schema":{"@context":"https:\/\/schema.org","@graph":[{"@type":"WebPage","@id":"https:\/\/www.tremblaydefrance.fr\/?page_id=87992","url":"https:\/\/www.tremblaydefrance.fr\/?page_id=87992","name":"Logements AG 2026 - Tremblay de France","isPartOf":{"@id":"https:\/\/www.tremblaydefrance.fr\/#website"},"datePublished":"2025-12-07T19:37:00+00:00","dateModified":"2025-12-07T19:40:18+00:00","description":"Logements AG 2026","breadcrumb":{"@id":"https:\/\/www.tremblaydefrance.fr\/?page_id=87992#breadcrumb"},"inLanguage":"fr-FR","potentialAction":[{"@type":"ReadAction","target":["https:\/\/www.tremblaydefrance.fr\/?page_id=87992"]}]},{"@type":"BreadcrumbList","@id":"https:\/\/www.tremblaydefrance.fr\/?page_id=87992#breadcrumb","itemListElement":[{"@type":"ListItem","position":1,"name":"Accueil","item":"https:\/\/www.tremblaydefrance.fr\/"},{"@type":"ListItem","position":2,"name":"Logements AG 2026"}]},{"@type":"WebSite","@id":"https:\/\/www.tremblaydefrance.fr\/#website","url":"https:\/\/www.tremblaydefrance.fr\/","name":"Association des Tremblay de France","description":"ASSOCIATION DES TREMBLAY DE FRANCE","publisher":{"@id":"https:\/\/www.tremblaydefrance.fr\/#organization"},"alternateName":"ATF","potentialAction":[{"@type":"SearchAction","target":{"@type":"EntryPoint","urlTemplate":"https:\/\/www.tremblaydefrance.fr\/?s={search_term_string}"},"query-input":{"@type":"PropertyValueSpecification","valueRequired":true,"valueName":"search_term_string"}}],"inLanguage":"fr-FR"},{"@type":"Organization","@id":"https:\/\/www.tremblaydefrance.fr\/#organization","name":"Association des Tremblay de France","alternateName":"ATF","url":"https:\/\/www.tremblaydefrance.fr\/","logo":{"@type":"ImageObject","inLanguage":"fr-FR","@id":"https:\/\/www.tremblaydefrance.fr\/#\/schema\/logo\/image\/","url":"https:\/\/www.tremblaydefrance.fr\/wp-content\/uploads\/2025\/10\/cropped-v266-20060023-A_arms_TEVSB.jpg","contentUrl":"https:\/\/www.tremblaydefrance.fr\/wp-content\/uploads\/2025\/10\/cropped-v266-20060023-A_arms_TEVSB.jpg","width":484,"height":495,"caption":"Association des Tremblay de France"},"image":{"@id":"https:\/\/www.tremblaydefrance.fr\/#\/schema\/logo\/image\/"},"sameAs":["https:\/\/www.facebook.com\/profile.php?id=100091318592407","https:\/\/www.instagram.com\/les_tremblay_de_france_atf\/"]}]}},"_links":{"self":[{"href":"https:\/\/www.tremblaydefrance.fr\/index.php?rest_route=\/wp\/v2\/pages\/87992","targetHints":{"allow":["GET"]}}],"collection":[{"href":"https:\/\/www.tremblaydefrance.fr\/index.php?rest_route=\/wp\/v2\/pages"}],"about":[{"href":"https:\/\/www.tremblaydefrance.fr\/index.php?rest_route=\/wp\/v2\/types\/page"}],"author":[{"embeddable":true,"href":"https:\/\/www.tremblaydefrance.fr\/index.php?rest_route=\/wp\/v2\/users\/2"}],"replies":[{"embeddable":true,"href":"https:\/\/www.tremblaydefrance.fr\/index.php?rest_route=%2Fwp%2Fv2%2Fcomments&post=87992"}],"version-history":[{"count":6,"href":"https:\/\/www.tremblaydefrance.fr\/index.php?rest_route=\/wp\/v2\/pages\/87992\/revisions"}],"predecessor-version":[{"id":87999,"href":"https:\/\/www.tremblaydefrance.fr\/index.php?rest_route=\/wp\/v2\/pages\/87992\/revisions\/87999"}],"wp:attachment":[{"href":"https:\/\/www.tremblaydefrance.fr\/index.php?rest_route=%2Fwp%2Fv2%2Fmedia&parent=87992"}],"curies":[{"name":"wp","href":"https:\/\/api.w.org\/{rel}","templated":true}]}}