{"id":87761,"date":"2025-10-15T21:33:22","date_gmt":"2025-10-15T20:33:22","guid":{"rendered":"https:\/\/www.tremblaydefrance.fr\/?page_id=87761"},"modified":"2025-10-17T19:11:33","modified_gmt":"2025-10-17T18:11:33","slug":"armoirie-et-devise","status":"publish","type":"page","link":"https:\/\/www.tremblaydefrance.fr\/?page_id=87761","title":{"rendered":"Armoirie et devise"},"content":{"rendered":"\t\t<div data-elementor-type=\"wp-page\" data-elementor-id=\"87761\" class=\"elementor elementor-87761\">\n\t\t\t\t<div class=\"elementor-element elementor-element-c5024ff e-flex e-con-boxed e-con e-parent\" data-id=\"c5024ff\" data-element_type=\"container\" data-e-type=\"container\">\n\t\t\t\t\t<div class=\"e-con-inner\">\n\t\t\t\t<div class=\"elementor-element elementor-element-2ed7666 elementor-widget elementor-widget-heading\" data-id=\"2ed7666\" data-element_type=\"widget\" data-e-type=\"widget\" data-widget_type=\"heading.default\">\n\t\t\t\t<div class=\"elementor-widget-container\">\n\t\t\t\t\t<h2 class=\"elementor-heading-title elementor-size-default\">Armoirie et Devise<\/h2>\t\t\t\t<\/div>\n\t\t\t\t<\/div>\n\t\t\t\t\t<\/div>\n\t\t\t\t<\/div>\n\t\t<div class=\"elementor-element elementor-element-cc42016 e-flex e-con-boxed e-con e-parent\" data-id=\"cc42016\" data-element_type=\"container\" data-e-type=\"container\">\n\t\t\t\t\t<div class=\"e-con-inner\">\n\t\t\t\t<div class=\"elementor-element elementor-element-1a45332 elementor-widget elementor-widget-text-editor\" data-id=\"1a45332\" data-element_type=\"widget\" data-e-type=\"widget\" data-widget_type=\"text-editor.default\">\n\t\t\t\t<div class=\"elementor-widget-container\">\n\t\t\t\t\t\t\t\t\t<p>La devise la plus reconnue et la plus largement adopt\u00e9e\u00a0 notamment par l&rsquo;Association des Tremblay d&rsquo;Am\u00e9rique est : \u00ab\u00a0Tremble et va sans biais\u00a0\u00bb. Elle peut se lire comme un encouragement \u00e0 l&rsquo;action droite et d\u00e9termin\u00e9e. Les armoiries de l&rsquo;Association des Tremblay d&rsquo;Am\u00e9rique ont \u00e9t\u00e9 officiellement enregistr\u00e9es par l&rsquo;Autorit\u00e9 h\u00e9raldique du Canada et combinent des \u00e9l\u00e9ments rappelant l&rsquo;origine fran\u00e7aise et l&rsquo;histoire au Canada.<\/p><ul><li>Le champ d&rsquo;azur (bleu) : symbolise l&rsquo;infini, la paix, la pers\u00e9v\u00e9rance et la foi (couleur mariale).<\/li><li>Les \u00e9toiles d&rsquo;argent : repr\u00e9sentent la multitude de familles portant aujourd&rsquo;hui le nom de Tremblay en allusion \u00e0 la descendance tr\u00e8s nombreuse de Pierre Tremblay.<\/li><li>Les deux anneaux entrelac\u00e9s d&rsquo;or : ils forment l&rsquo;\u00e9l\u00e9ment central et symbolisent l&rsquo;union du couple ancestral, Pierre Tremblay et Ozanne Achon et la loyaut\u00e9 de leurs descendants.<\/li><li>Trois \u00e9tais de gueules (chevrons rouges) sur fond blanc : repr\u00e9sente le Perche, la province d&rsquo;origine de Pierre Tremblay en France.<\/li><li>Une perdrix somm\u00e9e d&rsquo;une couronne sur fond rouge : repr\u00e9sente l&rsquo;Aunis, la r\u00e9gion d&rsquo;origine de l&rsquo;anc\u00eatre f\u00e9minine, Ozanne Achon.<\/li><\/ul>\t\t\t\t\t\t\t\t<\/div>\n\t\t\t\t<\/div>\n\t\t\t\t\t<\/div>\n\t\t\t\t<\/div>\n\t\t<div class=\"elementor-element elementor-element-88f7e00 e-grid e-con-boxed e-con e-parent\" data-id=\"88f7e00\" data-element_type=\"container\" data-e-type=\"container\">\n\t\t\t\t\t<div class=\"e-con-inner\">\n\t\t\t\t<div class=\"elementor-element elementor-element-40c15fe elementor-widget elementor-widget-text-editor\" data-id=\"40c15fe\" data-element_type=\"widget\" data-e-type=\"widget\" data-widget_type=\"text-editor.default\">\n\t\t\t\t<div class=\"elementor-widget-container\">\n\t\t\t\t\t\t\t\t\t<p style=\"text-align: center;\"><strong>TREMBLE ET VA SANS BIAIS<\/strong><\/p><p>D&rsquo;azur sem\u00e9 d&rsquo;\u00e9toiles d&rsquo;argent pos\u00e9es en cinq, deux, quatre, deux, en ab\u00eeme, deux anneaux d&rsquo;or entrelac\u00e9s. Au chef, parties des armes du Perche et de l&rsquo;Aunis, qui sont d&rsquo;argent aux trois chevrons de gueules et au faucon d&rsquo;or surmont\u00e9 d&rsquo;une couronne\u00a0de vidame du m\u00eame.<\/p>\t\t\t\t\t\t\t\t<\/div>\n\t\t\t\t<\/div>\n\t\t\t\t<div class=\"elementor-element elementor-element-464930c elementor-widget elementor-widget-image\" data-id=\"464930c\" data-element_type=\"widget\" data-e-type=\"widget\" data-widget_type=\"image.default\">\n\t\t\t\t<div class=\"elementor-widget-container\">\n\t\t\t\t\t\t\t\t\t\t\t\t\t\t\t<img fetchpriority=\"high\" decoding=\"async\" width=\"490\" height=\"495\" src=\"https:\/\/www.tremblaydefrance.fr\/wp-content\/uploads\/2025\/10\/v266-20060023-A_arms_TEVSB.jpg\" class=\"attachment-medium_large size-medium_large wp-image-87661\" alt=\"\" srcset=\"https:\/\/www.tremblaydefrance.fr\/wp-content\/uploads\/2025\/10\/v266-20060023-A_arms_TEVSB.jpg 490w, https:\/\/www.tremblaydefrance.fr\/wp-content\/uploads\/2025\/10\/v266-20060023-A_arms_TEVSB-297x300.jpg 297w\" sizes=\"(max-width: 490px) 100vw, 490px\" \/>\t\t\t\t\t\t\t\t\t\t\t\t\t\t\t<\/div>\n\t\t\t\t<\/div>\n\t\t\t\t\t<\/div>\n\t\t\t\t<\/div>\n\t\t<div class=\"elementor-element elementor-element-a86f579 e-flex e-con-boxed e-con e-parent\" data-id=\"a86f579\" data-element_type=\"container\" data-e-type=\"container\">\n\t\t\t\t\t<div class=\"e-con-inner\">\n\t\t\t\t<div class=\"elementor-element elementor-element-a17199b elementor-widget elementor-widget-text-editor\" data-id=\"a17199b\" data-element_type=\"widget\" data-e-type=\"widget\" data-widget_type=\"text-editor.default\">\n\t\t\t\t<div class=\"elementor-widget-container\">\n\t\t\t\t\t\t\t\t\t<p>On trouve une autre devise associ\u00e9e \u00e0 un membre de la famille Tremblay : \u00ab JUSTICE ET FOI SANS FR\u00c9MIR \u00bb. Cette devise, r\u00e9dig\u00e9e en vieux fran\u00e7ais, reprend les th\u00e8mes de justice et d&rsquo;engagement. Elle cr\u00e9e \u00e9galement un jeu de mots avec le patronyme Tremblay (\u00ab\u00a0sans fr\u00e9mir\u00a0\u00bb \u00e9voque l&rsquo;id\u00e9e de ne pas trembler, d&rsquo;\u00eatre donc in\u00e9branlable).<\/p>\t\t\t\t\t\t\t\t<\/div>\n\t\t\t\t<\/div>\n\t\t\t\t\t<\/div>\n\t\t\t\t<\/div>\n\t\t<div class=\"elementor-element elementor-element-075938f e-flex e-con-boxed e-con e-parent\" data-id=\"075938f\" data-element_type=\"container\" data-e-type=\"container\">\n\t\t\t\t\t<div class=\"e-con-inner\">\n\t\t\t\t<div class=\"elementor-element elementor-element-6332046 elementor-widget-divider--view-line elementor-widget elementor-widget-divider\" data-id=\"6332046\" data-element_type=\"widget\" data-e-type=\"widget\" data-widget_type=\"divider.default\">\n\t\t\t\t<div class=\"elementor-widget-container\">\n\t\t\t\t\t\t\t<div class=\"elementor-divider\">\n\t\t\t<span class=\"elementor-divider-separator\">\n\t\t\t\t\t\t<\/span>\n\t\t<\/div>\n\t\t\t\t\t\t<\/div>\n\t\t\t\t<\/div>\n\t\t\t\t\t<\/div>\n\t\t\t\t<\/div>\n\t\t\t\t<\/div>\n\t\t","protected":false},"excerpt":{"rendered":"<p>Armoirie et Devise La devise la plus reconnue et la plus largement adopt\u00e9e\u00a0 notamment par l&rsquo;Association des Tremblay d&rsquo;Am\u00e9rique est : \u00ab\u00a0Tremble et va sans biais\u00a0\u00bb. Elle peut se lire comme un encouragement \u00e0 l&rsquo;action droite et d\u00e9termin\u00e9e. Les armoiries&#8230;<\/p>\n","protected":false},"author":2,"featured_media":0,"parent":87735,"menu_order":0,"comment_status":"closed","ping_status":"closed","template":"elementor_header_footer","meta":{"footnotes":""},"class_list":["post-87761","page","type-page","status-publish","hentry"],"yoast_head":"<!-- This site is optimized with the Yoast SEO plugin v26.4 - https:\/\/yoast.com\/wordpress\/plugins\/seo\/ -->\n<title>Armoirie et devise - Tremblay de France<\/title>\n<meta name=\"description\" content=\"Armoirie et devise\" \/>\n<meta name=\"robots\" content=\"index, follow, max-snippet:-1, max-image-preview:large, max-video-preview:-1\" \/>\n<link rel=\"canonical\" href=\"https:\/\/www.tremblaydefrance.fr\/?page_id=87761\" \/>\n<meta property=\"og:locale\" content=\"fr_FR\" \/>\n<meta property=\"og:type\" content=\"article\" \/>\n<meta property=\"og:title\" content=\"Armoirie et devise - Tremblay de France\" \/>\n<meta property=\"og:description\" content=\"Armoirie et devise\" \/>\n<meta property=\"og:url\" content=\"https:\/\/www.tremblaydefrance.fr\/?page_id=87761\" \/>\n<meta property=\"article:publisher\" content=\"https:\/\/www.facebook.com\/profile.php?id=100091318592407\" \/>\n<meta property=\"article:modified_time\" content=\"2025-10-17T18:11:33+00:00\" \/>\n<meta property=\"og:image\" content=\"https:\/\/www.tremblaydefrance.fr\/wp-content\/uploads\/2025\/10\/v266-20060023-A_arms_TEVSB.jpg\" \/>\n\t<meta property=\"og:image:width\" content=\"490\" \/>\n\t<meta property=\"og:image:height\" content=\"495\" \/>\n\t<meta property=\"og:image:type\" content=\"image\/jpeg\" \/>\n<meta name=\"twitter:card\" content=\"summary_large_image\" \/>\n<meta name=\"twitter:label1\" content=\"Dur\u00e9e de lecture estim\u00e9e\" \/>\n\t<meta name=\"twitter:data1\" content=\"2 minutes\" \/>\n<script type=\"application\/ld+json\" class=\"yoast-schema-graph\">{\"@context\":\"https:\/\/schema.org\",\"@graph\":[{\"@type\":\"WebPage\",\"@id\":\"https:\/\/www.tremblaydefrance.fr\/?page_id=87761\",\"url\":\"https:\/\/www.tremblaydefrance.fr\/?page_id=87761\",\"name\":\"Armoirie et devise - Tremblay de France\",\"isPartOf\":{\"@id\":\"https:\/\/www.tremblaydefrance.fr\/#website\"},\"primaryImageOfPage\":{\"@id\":\"https:\/\/www.tremblaydefrance.fr\/?page_id=87761#primaryimage\"},\"image\":{\"@id\":\"https:\/\/www.tremblaydefrance.fr\/?page_id=87761#primaryimage\"},\"thumbnailUrl\":\"https:\/\/www.tremblaydefrance.fr\/wp-content\/uploads\/2025\/10\/v266-20060023-A_arms_TEVSB.jpg\",\"datePublished\":\"2025-10-15T20:33:22+00:00\",\"dateModified\":\"2025-10-17T18:11:33+00:00\",\"description\":\"Armoirie et devise\",\"breadcrumb\":{\"@id\":\"https:\/\/www.tremblaydefrance.fr\/?page_id=87761#breadcrumb\"},\"inLanguage\":\"fr-FR\",\"potentialAction\":[{\"@type\":\"ReadAction\",\"target\":[\"https:\/\/www.tremblaydefrance.fr\/?page_id=87761\"]}]},{\"@type\":\"ImageObject\",\"inLanguage\":\"fr-FR\",\"@id\":\"https:\/\/www.tremblaydefrance.fr\/?page_id=87761#primaryimage\",\"url\":\"https:\/\/www.tremblaydefrance.fr\/wp-content\/uploads\/2025\/10\/v266-20060023-A_arms_TEVSB.jpg\",\"contentUrl\":\"https:\/\/www.tremblaydefrance.fr\/wp-content\/uploads\/2025\/10\/v266-20060023-A_arms_TEVSB.jpg\",\"width\":490,\"height\":495},{\"@type\":\"BreadcrumbList\",\"@id\":\"https:\/\/www.tremblaydefrance.fr\/?page_id=87761#breadcrumb\",\"itemListElement\":[{\"@type\":\"ListItem\",\"position\":1,\"name\":\"Accueil\",\"item\":\"https:\/\/www.tremblaydefrance.fr\/\"},{\"@type\":\"ListItem\",\"position\":2,\"name\":\"Patronyme et Histoire\",\"item\":\"https:\/\/www.tremblaydefrance.fr\/?page_id=87735\"},{\"@type\":\"ListItem\",\"position\":3,\"name\":\"Armoirie et devise\"}]},{\"@type\":\"WebSite\",\"@id\":\"https:\/\/www.tremblaydefrance.fr\/#website\",\"url\":\"https:\/\/www.tremblaydefrance.fr\/\",\"name\":\"Association des Tremblay de France\",\"description\":\"ASSOCIATION DES TREMBLAY DE FRANCE\",\"publisher\":{\"@id\":\"https:\/\/www.tremblaydefrance.fr\/#organization\"},\"alternateName\":\"ATF\",\"potentialAction\":[{\"@type\":\"SearchAction\",\"target\":{\"@type\":\"EntryPoint\",\"urlTemplate\":\"https:\/\/www.tremblaydefrance.fr\/?s={search_term_string}\"},\"query-input\":{\"@type\":\"PropertyValueSpecification\",\"valueRequired\":true,\"valueName\":\"search_term_string\"}}],\"inLanguage\":\"fr-FR\"},{\"@type\":\"Organization\",\"@id\":\"https:\/\/www.tremblaydefrance.fr\/#organization\",\"name\":\"Association des Tremblay de France\",\"alternateName\":\"ATF\",\"url\":\"https:\/\/www.tremblaydefrance.fr\/\",\"logo\":{\"@type\":\"ImageObject\",\"inLanguage\":\"fr-FR\",\"@id\":\"https:\/\/www.tremblaydefrance.fr\/#\/schema\/logo\/image\/\",\"url\":\"https:\/\/www.tremblaydefrance.fr\/wp-content\/uploads\/2025\/10\/cropped-v266-20060023-A_arms_TEVSB.jpg\",\"contentUrl\":\"https:\/\/www.tremblaydefrance.fr\/wp-content\/uploads\/2025\/10\/cropped-v266-20060023-A_arms_TEVSB.jpg\",\"width\":484,\"height\":495,\"caption\":\"Association des Tremblay de France\"},\"image\":{\"@id\":\"https:\/\/www.tremblaydefrance.fr\/#\/schema\/logo\/image\/\"},\"sameAs\":[\"https:\/\/www.facebook.com\/profile.php?id=100091318592407\",\"https:\/\/www.instagram.com\/les_tremblay_de_france_atf\/\"]}]}<\/script>\n<!-- \/ Yoast SEO plugin. -->","yoast_head_json":{"title":"Armoirie et devise - Tremblay de France","description":"Armoirie et devise","robots":{"index":"index","follow":"follow","max-snippet":"max-snippet:-1","max-image-preview":"max-image-preview:large","max-video-preview":"max-video-preview:-1"},"canonical":"https:\/\/www.tremblaydefrance.fr\/?page_id=87761","og_locale":"fr_FR","og_type":"article","og_title":"Armoirie et devise - Tremblay de France","og_description":"Armoirie et devise","og_url":"https:\/\/www.tremblaydefrance.fr\/?page_id=87761","article_publisher":"https:\/\/www.facebook.com\/profile.php?id=100091318592407","article_modified_time":"2025-10-17T18:11:33+00:00","og_image":[{"width":490,"height":495,"url":"https:\/\/www.tremblaydefrance.fr\/wp-content\/uploads\/2025\/10\/v266-20060023-A_arms_TEVSB.jpg","type":"image\/jpeg"}],"twitter_card":"summary_large_image","twitter_misc":{"Dur\u00e9e de lecture estim\u00e9e":"2 minutes"},"schema":{"@context":"https:\/\/schema.org","@graph":[{"@type":"WebPage","@id":"https:\/\/www.tremblaydefrance.fr\/?page_id=87761","url":"https:\/\/www.tremblaydefrance.fr\/?page_id=87761","name":"Armoirie et devise - Tremblay de France","isPartOf":{"@id":"https:\/\/www.tremblaydefrance.fr\/#website"},"primaryImageOfPage":{"@id":"https:\/\/www.tremblaydefrance.fr\/?page_id=87761#primaryimage"},"image":{"@id":"https:\/\/www.tremblaydefrance.fr\/?page_id=87761#primaryimage"},"thumbnailUrl":"https:\/\/www.tremblaydefrance.fr\/wp-content\/uploads\/2025\/10\/v266-20060023-A_arms_TEVSB.jpg","datePublished":"2025-10-15T20:33:22+00:00","dateModified":"2025-10-17T18:11:33+00:00","description":"Armoirie et devise","breadcrumb":{"@id":"https:\/\/www.tremblaydefrance.fr\/?page_id=87761#breadcrumb"},"inLanguage":"fr-FR","potentialAction":[{"@type":"ReadAction","target":["https:\/\/www.tremblaydefrance.fr\/?page_id=87761"]}]},{"@type":"ImageObject","inLanguage":"fr-FR","@id":"https:\/\/www.tremblaydefrance.fr\/?page_id=87761#primaryimage","url":"https:\/\/www.tremblaydefrance.fr\/wp-content\/uploads\/2025\/10\/v266-20060023-A_arms_TEVSB.jpg","contentUrl":"https:\/\/www.tremblaydefrance.fr\/wp-content\/uploads\/2025\/10\/v266-20060023-A_arms_TEVSB.jpg","width":490,"height":495},{"@type":"BreadcrumbList","@id":"https:\/\/www.tremblaydefrance.fr\/?page_id=87761#breadcrumb","itemListElement":[{"@type":"ListItem","position":1,"name":"Accueil","item":"https:\/\/www.tremblaydefrance.fr\/"},{"@type":"ListItem","position":2,"name":"Patronyme et Histoire","item":"https:\/\/www.tremblaydefrance.fr\/?page_id=87735"},{"@type":"ListItem","position":3,"name":"Armoirie et devise"}]},{"@type":"WebSite","@id":"https:\/\/www.tremblaydefrance.fr\/#website","url":"https:\/\/www.tremblaydefrance.fr\/","name":"Association des Tremblay de France","description":"ASSOCIATION DES TREMBLAY DE FRANCE","publisher":{"@id":"https:\/\/www.tremblaydefrance.fr\/#organization"},"alternateName":"ATF","potentialAction":[{"@type":"SearchAction","target":{"@type":"EntryPoint","urlTemplate":"https:\/\/www.tremblaydefrance.fr\/?s={search_term_string}"},"query-input":{"@type":"PropertyValueSpecification","valueRequired":true,"valueName":"search_term_string"}}],"inLanguage":"fr-FR"},{"@type":"Organization","@id":"https:\/\/www.tremblaydefrance.fr\/#organization","name":"Association des Tremblay de France","alternateName":"ATF","url":"https:\/\/www.tremblaydefrance.fr\/","logo":{"@type":"ImageObject","inLanguage":"fr-FR","@id":"https:\/\/www.tremblaydefrance.fr\/#\/schema\/logo\/image\/","url":"https:\/\/www.tremblaydefrance.fr\/wp-content\/uploads\/2025\/10\/cropped-v266-20060023-A_arms_TEVSB.jpg","contentUrl":"https:\/\/www.tremblaydefrance.fr\/wp-content\/uploads\/2025\/10\/cropped-v266-20060023-A_arms_TEVSB.jpg","width":484,"height":495,"caption":"Association des Tremblay de France"},"image":{"@id":"https:\/\/www.tremblaydefrance.fr\/#\/schema\/logo\/image\/"},"sameAs":["https:\/\/www.facebook.com\/profile.php?id=100091318592407","https:\/\/www.instagram.com\/les_tremblay_de_france_atf\/"]}]}},"_links":{"self":[{"href":"https:\/\/www.tremblaydefrance.fr\/index.php?rest_route=\/wp\/v2\/pages\/87761","targetHints":{"allow":["GET"]}}],"collection":[{"href":"https:\/\/www.tremblaydefrance.fr\/index.php?rest_route=\/wp\/v2\/pages"}],"about":[{"href":"https:\/\/www.tremblaydefrance.fr\/index.php?rest_route=\/wp\/v2\/types\/page"}],"author":[{"embeddable":true,"href":"https:\/\/www.tremblaydefrance.fr\/index.php?rest_route=\/wp\/v2\/users\/2"}],"replies":[{"embeddable":true,"href":"https:\/\/www.tremblaydefrance.fr\/index.php?rest_route=%2Fwp%2Fv2%2Fcomments&post=87761"}],"version-history":[{"count":32,"href":"https:\/\/www.tremblaydefrance.fr\/index.php?rest_route=\/wp\/v2\/pages\/87761\/revisions"}],"predecessor-version":[{"id":87949,"href":"https:\/\/www.tremblaydefrance.fr\/index.php?rest_route=\/wp\/v2\/pages\/87761\/revisions\/87949"}],"up":[{"embeddable":true,"href":"https:\/\/www.tremblaydefrance.fr\/index.php?rest_route=\/wp\/v2\/pages\/87735"}],"wp:attachment":[{"href":"https:\/\/www.tremblaydefrance.fr\/index.php?rest_route=%2Fwp%2Fv2%2Fmedia&parent=87761"}],"curies":[{"name":"wp","href":"https:\/\/api.w.org\/{rel}","templated":true}]}}