{"id":87539,"date":"2025-10-05T19:20:22","date_gmt":"2025-10-05T18:20:22","guid":{"rendered":"https:\/\/www.tremblaydefrance.fr\/?page_id=87539"},"modified":"2025-12-07T20:41:44","modified_gmt":"2025-12-07T19:41:44","slug":"manifestations","status":"publish","type":"page","link":"https:\/\/www.tremblaydefrance.fr\/?page_id=87539","title":{"rendered":"Ev\u00e9nements"},"content":{"rendered":"\t\t<div data-elementor-type=\"wp-page\" data-elementor-id=\"87539\" class=\"elementor elementor-87539\">\n\t\t\t\t<div class=\"elementor-element elementor-element-977547e e-flex e-con-boxed e-con e-parent\" data-id=\"977547e\" data-element_type=\"container\" data-e-type=\"container\" data-settings=\"{&quot;background_background&quot;:&quot;classic&quot;}\">\n\t\t\t\t\t<div class=\"e-con-inner\">\n\t\t\t\t<div class=\"elementor-element elementor-element-a549100 elementor-widget elementor-widget-heading\" data-id=\"a549100\" data-element_type=\"widget\" data-e-type=\"widget\" data-widget_type=\"heading.default\">\n\t\t\t\t<div class=\"elementor-widget-container\">\n\t\t\t\t\t<h2 class=\"elementor-heading-title elementor-size-default\">Assembl\u00e9e G\u00e9n\u00e9rale 2026<\/h2>\t\t\t\t<\/div>\n\t\t\t\t<\/div>\n\t\t\t\t<div class=\"elementor-element elementor-element-93550d9 elementor-widget elementor-widget-text-editor\" data-id=\"93550d9\" data-element_type=\"widget\" data-e-type=\"widget\" data-widget_type=\"text-editor.default\">\n\t\t\t\t<div class=\"elementor-widget-container\">\n\t\t\t\t\t\t\t\t\t<p>20\u00e8me anniversaire des Mus\u00e9ales<\/p><p>400\u00e8me anniversaire de Pierre Tremblay<\/p>\t\t\t\t\t\t\t\t<\/div>\n\t\t\t\t<\/div>\n\t\t<div class=\"elementor-element elementor-element-fcba175 e-con-full e-flex e-con e-child\" data-id=\"fcba175\" data-element_type=\"container\" data-e-type=\"container\">\n\t\t\t\t<div class=\"elementor-element elementor-element-d811fad elementor-widget elementor-widget-heading\" data-id=\"d811fad\" data-element_type=\"widget\" data-e-type=\"widget\" data-widget_type=\"heading.default\">\n\t\t\t\t<div class=\"elementor-widget-container\">\n\t\t\t\t\t<h2 class=\"elementor-heading-title elementor-size-default\"><a href=\"https:\/\/www.tremblaydefrance.fr\/?page_id=87992\" target=\"_blank\">Consultez les logements disponibles<\/a><\/h2>\t\t\t\t<\/div>\n\t\t\t\t<\/div>\n\t\t\t\t<\/div>\n\t\t\t\t\t<\/div>\n\t\t\t\t<\/div>\n\t\t<div class=\"elementor-element elementor-element-a7382c7 e-flex e-con-boxed e-con e-parent\" data-id=\"a7382c7\" data-element_type=\"container\" data-e-type=\"container\">\n\t\t\t\t\t<div class=\"e-con-inner\">\n\t\t\t\t<div class=\"elementor-element elementor-element-78a55a0 elementor-widget-divider--view-line elementor-widget elementor-widget-divider\" data-id=\"78a55a0\" data-element_type=\"widget\" data-e-type=\"widget\" data-widget_type=\"divider.default\">\n\t\t\t\t<div class=\"elementor-widget-container\">\n\t\t\t\t\t\t\t<div class=\"elementor-divider\">\n\t\t\t<span class=\"elementor-divider-separator\">\n\t\t\t\t\t\t<\/span>\n\t\t<\/div>\n\t\t\t\t\t\t<\/div>\n\t\t\t\t<\/div>\n\t\t\t\t\t<\/div>\n\t\t\t\t<\/div>\n\t\t<div class=\"elementor-element elementor-element-4a603cd e-flex e-con-boxed e-con e-parent\" data-id=\"4a603cd\" data-element_type=\"container\" data-e-type=\"container\">\n\t\t\t\t\t<div class=\"e-con-inner\">\n\t\t\t\t<div class=\"elementor-element elementor-element-b1e9363 elementor-widget elementor-widget-heading\" data-id=\"b1e9363\" data-element_type=\"widget\" data-e-type=\"widget\" data-widget_type=\"heading.default\">\n\t\t\t\t<div class=\"elementor-widget-container\">\n\t\t\t\t\t<h2 class=\"elementor-heading-title elementor-size-default\">Assembl\u00e9e G\u00e9n\u00e9rale<\/h2>\t\t\t\t<\/div>\n\t\t\t\t<\/div>\n\t\t\t\t<div class=\"elementor-element elementor-element-a38f28d elementor-widget elementor-widget-text-editor\" data-id=\"a38f28d\" data-element_type=\"widget\" data-e-type=\"widget\" data-widget_type=\"text-editor.default\">\n\t\t\t\t<div class=\"elementor-widget-container\">\n\t\t\t\t\t\t\t\t\t<p>Chaque ann\u00e9e, l&rsquo;Assembl\u00e9e G\u00e9n\u00e9rale de l&rsquo;Association des Tremblay de France est un moment attendu par ses adh\u00e9rents. Cette rencontre permet au bureau si\u00e9geant de pr\u00e9senter l&rsquo;\u00e9volution et les actions de l&rsquo;association. Les membres se retrouvent dans un cadre convivial, consolident leurs liens au fil des ann\u00e9es et d\u00e9couvrent les lieux de l&rsquo;organisation lors de sorties et de visites organis\u00e9es (ch\u00e2teaux, cath\u00e9drales, \u00e9glises, centres historiques, mus\u00e9es, caves&#8230;).\u00a0<\/p><p>R\u00e9guli\u00e8rement des membres de l&rsquo;Association des Tremblay d&rsquo;Am\u00e9rique se joignent aux manifestations.<\/p>\t\t\t\t\t\t\t\t<\/div>\n\t\t\t\t<\/div>\n\t\t<div class=\"elementor-element elementor-element-f105a19 e-grid e-con-full e-con e-child\" data-id=\"f105a19\" data-element_type=\"container\" data-e-type=\"container\">\n\t\t\t\t<div class=\"elementor-element elementor-element-109076a elementor-widget elementor-widget-image\" data-id=\"109076a\" data-element_type=\"widget\" data-e-type=\"widget\" data-widget_type=\"image.default\">\n\t\t\t\t<div class=\"elementor-widget-container\">\n\t\t\t\t\t\t\t\t\t\t\t\t\t\t\t<img fetchpriority=\"high\" decoding=\"async\" width=\"1024\" height=\"680\" src=\"https:\/\/www.tremblaydefrance.fr\/wp-content\/uploads\/2025\/10\/DSC_0134-1024x680.jpg\" class=\"attachment-large size-large wp-image-87551\" alt=\"\" srcset=\"https:\/\/www.tremblaydefrance.fr\/wp-content\/uploads\/2025\/10\/DSC_0134-1024x680.jpg 1024w, https:\/\/www.tremblaydefrance.fr\/wp-content\/uploads\/2025\/10\/DSC_0134-300x199.jpg 300w, https:\/\/www.tremblaydefrance.fr\/wp-content\/uploads\/2025\/10\/DSC_0134-768x510.jpg 768w, https:\/\/www.tremblaydefrance.fr\/wp-content\/uploads\/2025\/10\/DSC_0134-1536x1020.jpg 1536w, https:\/\/www.tremblaydefrance.fr\/wp-content\/uploads\/2025\/10\/DSC_0134-2048x1360.jpg 2048w\" sizes=\"(max-width: 1024px) 100vw, 1024px\" \/>\t\t\t\t\t\t\t\t\t\t\t\t\t\t\t<\/div>\n\t\t\t\t<\/div>\n\t\t\t\t<div class=\"elementor-element elementor-element-0a2b5ea elementor-widget elementor-widget-image\" data-id=\"0a2b5ea\" data-element_type=\"widget\" data-e-type=\"widget\" data-widget_type=\"image.default\">\n\t\t\t\t<div class=\"elementor-widget-container\">\n\t\t\t\t\t\t\t\t\t\t\t\t\t\t\t<img decoding=\"async\" width=\"1024\" height=\"682\" src=\"https:\/\/www.tremblaydefrance.fr\/wp-content\/uploads\/2025\/10\/tremblay-2023-4-1024x682.jpg\" class=\"attachment-large size-large wp-image-87552\" alt=\"\" srcset=\"https:\/\/www.tremblaydefrance.fr\/wp-content\/uploads\/2025\/10\/tremblay-2023-4-1024x682.jpg 1024w, https:\/\/www.tremblaydefrance.fr\/wp-content\/uploads\/2025\/10\/tremblay-2023-4-300x200.jpg 300w, https:\/\/www.tremblaydefrance.fr\/wp-content\/uploads\/2025\/10\/tremblay-2023-4-768x512.jpg 768w, https:\/\/www.tremblaydefrance.fr\/wp-content\/uploads\/2025\/10\/tremblay-2023-4-1536x1023.jpg 1536w, https:\/\/www.tremblaydefrance.fr\/wp-content\/uploads\/2025\/10\/tremblay-2023-4-2048x1364.jpg 2048w\" sizes=\"(max-width: 1024px) 100vw, 1024px\" \/>\t\t\t\t\t\t\t\t\t\t\t\t\t\t\t<\/div>\n\t\t\t\t<\/div>\n\t\t\t\t<div class=\"elementor-element elementor-element-765928d elementor-widget elementor-widget-image\" data-id=\"765928d\" data-element_type=\"widget\" data-e-type=\"widget\" data-widget_type=\"image.default\">\n\t\t\t\t<div class=\"elementor-widget-container\">\n\t\t\t\t\t\t\t\t\t\t\t\t\t\t\t<img decoding=\"async\" width=\"1536\" height=\"1152\" src=\"https:\/\/www.tremblaydefrance.fr\/wp-content\/uploads\/2025\/10\/IMG_5450-1536x1152.jpg\" class=\"attachment-1536x1536 size-1536x1536 wp-image-87558\" alt=\"\" srcset=\"https:\/\/www.tremblaydefrance.fr\/wp-content\/uploads\/2025\/10\/IMG_5450-1536x1152.jpg 1536w, https:\/\/www.tremblaydefrance.fr\/wp-content\/uploads\/2025\/10\/IMG_5450-300x225.jpg 300w, https:\/\/www.tremblaydefrance.fr\/wp-content\/uploads\/2025\/10\/IMG_5450-1024x768.jpg 1024w, https:\/\/www.tremblaydefrance.fr\/wp-content\/uploads\/2025\/10\/IMG_5450-768x576.jpg 768w, https:\/\/www.tremblaydefrance.fr\/wp-content\/uploads\/2025\/10\/IMG_5450-2048x1536.jpg 2048w\" sizes=\"(max-width: 1536px) 100vw, 1536px\" \/>\t\t\t\t\t\t\t\t\t\t\t\t\t\t\t<\/div>\n\t\t\t\t<\/div>\n\t\t\t\t<\/div>\n\t\t\t\t<div class=\"elementor-element elementor-element-8d673b2 elementor-widget elementor-widget-text-editor\" data-id=\"8d673b2\" data-element_type=\"widget\" data-e-type=\"widget\" data-widget_type=\"text-editor.default\">\n\t\t\t\t<div class=\"elementor-widget-container\">\n\t\t\t\t\t\t\t\t\t<p>Voici la chronologie et les lieux d&rsquo;organisation de nos diff\u00e9rentes Assembl\u00e9es G\u00e9n\u00e9rales:<\/p>\t\t\t\t\t\t\t\t<\/div>\n\t\t\t\t<\/div>\n\t\t\t\t\t<\/div>\n\t\t\t\t<\/div>\n\t\t<div class=\"elementor-element elementor-element-dcccc99 e-flex e-con-boxed e-con e-parent\" data-id=\"dcccc99\" data-element_type=\"container\" data-e-type=\"container\">\n\t\t\t\t\t<div class=\"e-con-inner\">\n\t\t<div class=\"elementor-element elementor-element-22d96aa e-grid e-con-full e-con e-child\" data-id=\"22d96aa\" data-element_type=\"container\" data-e-type=\"container\">\n\t\t\t\t<div class=\"elementor-element elementor-element-a0bc70d elementor-widget elementor-widget-text-editor\" data-id=\"a0bc70d\" data-element_type=\"widget\" data-e-type=\"widget\" data-widget_type=\"text-editor.default\">\n\t\t\t\t<div class=\"elementor-widget-container\">\n\t\t\t\t\t\t\t\t\t<ul><li>2025 : Le Mans (72)<\/li><li>2024 : Rouen (76)<\/li><li>2023 : Randonnai (61)<\/li><li>2022 : Villandry (37)<\/li><li>2021 : Belleville-en-Beaujolais (69)<\/li><li>2019 : Tremblay\u00a0 (35)<\/li><li>2018 : Randonnai (61)<\/li><li>2017 : Baug\u00e9-en-Anjou (49)<\/li><li>2016 : Yvr\u00e9-L&rsquo;Ev\u00eaque (72)<\/li><li>2015 : Puyravault (17)<\/li><li>2014 : Vilainnes les Rochers (37)<\/li><li>2013 : Randonnai (61)<\/li><li>2012 : Charentay (69)<\/li><li>2011 : Hammamet (Tunisie)<\/li><li>2010 : Beine (89)<\/li><li>2009 : Le Mans (72)<\/li><li>2008 : Randonnai (61)<\/li><li>2008 : La Rochelle (17)<\/li><li>2007 : Azay-le-Rideau (37)<\/li><\/ul>\t\t\t\t\t\t\t\t<\/div>\n\t\t\t\t<\/div>\n\t\t\t\t<div class=\"elementor-element elementor-element-55c7957 elementor-widget elementor-widget-text-editor\" data-id=\"55c7957\" data-element_type=\"widget\" data-e-type=\"widget\" data-widget_type=\"text-editor.default\">\n\t\t\t\t<div class=\"elementor-widget-container\">\n\t\t\t\t\t\t\t\t\t<ul><li>2006 : Chambon (17)<\/li><li>2003 : Saumur (49)<\/li><li>2002: Vall\u00e9e du Loir (72)<\/li><li>2001 : Maulevrier (49)<\/li><li>2000 : Villefranche-sur-Sa\u00f4ne (69)<\/li><li>1999 : Chambon (17)<\/li><li>1998 : Le Mans (72)<\/li><li>1997 : Randonnai (61)<\/li><li>1996 : Villedieu-le-Ch\u00e2teau (41)<\/li><li>1995 : Montreuil-Bellay (49)<\/li><li>1994 : Tours (37)<\/li><li>1994 : Le Mans (72)<\/li><li>1993 : Villefranche-sur-Sa\u00f4ne (69)<\/li><li>1992 : Sancerre (18)<\/li><li>1991 : Montlouis-sur-Loire (37)<\/li><li>1990 : Ambillou (37)<\/li><li>1989 : Nouzilly (72)<\/li><li>1988 : Le Mans (72)<\/li><li>1985 : Le Mans (72)<\/li><\/ul>\t\t\t\t\t\t\t\t<\/div>\n\t\t\t\t<\/div>\n\t\t\t\t<\/div>\n\t\t<div class=\"elementor-element elementor-element-304b304 e-grid e-con-full e-con e-child\" data-id=\"304b304\" data-element_type=\"container\" data-e-type=\"container\">\n\t\t\t\t<div class=\"elementor-element elementor-element-27d7fd9 elementor-widget elementor-widget-image\" data-id=\"27d7fd9\" data-element_type=\"widget\" data-e-type=\"widget\" data-widget_type=\"image.default\">\n\t\t\t\t<div class=\"elementor-widget-container\">\n\t\t\t\t\t\t\t\t\t\t\t\t\t\t\t<img loading=\"lazy\" decoding=\"async\" width=\"1024\" height=\"768\" src=\"https:\/\/www.tremblaydefrance.fr\/wp-content\/uploads\/2025\/10\/IMG_20191005_1612411-1024x768.jpg\" class=\"attachment-large size-large wp-image-87555\" alt=\"\" srcset=\"https:\/\/www.tremblaydefrance.fr\/wp-content\/uploads\/2025\/10\/IMG_20191005_1612411-1024x768.jpg 1024w, https:\/\/www.tremblaydefrance.fr\/wp-content\/uploads\/2025\/10\/IMG_20191005_1612411-300x225.jpg 300w, https:\/\/www.tremblaydefrance.fr\/wp-content\/uploads\/2025\/10\/IMG_20191005_1612411-768x576.jpg 768w, https:\/\/www.tremblaydefrance.fr\/wp-content\/uploads\/2025\/10\/IMG_20191005_1612411-1536x1152.jpg 1536w, https:\/\/www.tremblaydefrance.fr\/wp-content\/uploads\/2025\/10\/IMG_20191005_1612411-2048x1536.jpg 2048w\" sizes=\"(max-width: 1024px) 100vw, 1024px\" \/>\t\t\t\t\t\t\t\t\t\t\t\t\t\t\t<\/div>\n\t\t\t\t<\/div>\n\t\t\t\t<div class=\"elementor-element elementor-element-4f848f5 elementor-widget elementor-widget-image\" data-id=\"4f848f5\" data-element_type=\"widget\" data-e-type=\"widget\" data-widget_type=\"image.default\">\n\t\t\t\t<div class=\"elementor-widget-container\">\n\t\t\t\t\t\t\t\t\t\t\t\t\t\t\t<img loading=\"lazy\" decoding=\"async\" width=\"640\" height=\"427\" src=\"https:\/\/www.tremblaydefrance.fr\/wp-content\/uploads\/2025\/10\/2017-48.jpg\" class=\"attachment-large size-large wp-image-87556\" alt=\"\" srcset=\"https:\/\/www.tremblaydefrance.fr\/wp-content\/uploads\/2025\/10\/2017-48.jpg 640w, https:\/\/www.tremblaydefrance.fr\/wp-content\/uploads\/2025\/10\/2017-48-300x200.jpg 300w\" sizes=\"(max-width: 640px) 100vw, 640px\" \/>\t\t\t\t\t\t\t\t\t\t\t\t\t\t\t<\/div>\n\t\t\t\t<\/div>\n\t\t\t\t<div class=\"elementor-element elementor-element-7dd2ca5 elementor-widget elementor-widget-image\" data-id=\"7dd2ca5\" data-element_type=\"widget\" data-e-type=\"widget\" data-widget_type=\"image.default\">\n\t\t\t\t<div class=\"elementor-widget-container\">\n\t\t\t\t\t\t\t\t\t\t\t\t\t\t\t<img loading=\"lazy\" decoding=\"async\" width=\"1024\" height=\"768\" src=\"https:\/\/www.tremblaydefrance.fr\/wp-content\/uploads\/2025\/10\/P1050190-1024x768.jpg\" class=\"attachment-large size-large wp-image-87557\" alt=\"\" srcset=\"https:\/\/www.tremblaydefrance.fr\/wp-content\/uploads\/2025\/10\/P1050190-1024x768.jpg 1024w, https:\/\/www.tremblaydefrance.fr\/wp-content\/uploads\/2025\/10\/P1050190-300x225.jpg 300w, https:\/\/www.tremblaydefrance.fr\/wp-content\/uploads\/2025\/10\/P1050190-768x576.jpg 768w, https:\/\/www.tremblaydefrance.fr\/wp-content\/uploads\/2025\/10\/P1050190-1536x1152.jpg 1536w, https:\/\/www.tremblaydefrance.fr\/wp-content\/uploads\/2025\/10\/P1050190-2048x1536.jpg 2048w\" sizes=\"(max-width: 1024px) 100vw, 1024px\" \/>\t\t\t\t\t\t\t\t\t\t\t\t\t\t\t<\/div>\n\t\t\t\t<\/div>\n\t\t\t\t<\/div>\n\t\t\t\t\t<\/div>\n\t\t\t\t<\/div>\n\t\t\t\t<\/div>\n\t\t","protected":false},"excerpt":{"rendered":"<p>Assembl\u00e9e G\u00e9n\u00e9rale 2026 20\u00e8me anniversaire des Mus\u00e9ales 400\u00e8me anniversaire de Pierre Tremblay Consultez les logements disponibles Assembl\u00e9e G\u00e9n\u00e9rale Chaque ann\u00e9e, l&rsquo;Assembl\u00e9e G\u00e9n\u00e9rale de l&rsquo;Association des Tremblay de France est un moment attendu par ses adh\u00e9rents. Cette rencontre permet au bureau&#8230;<\/p>\n","protected":false},"author":2,"featured_media":0,"parent":87725,"menu_order":0,"comment_status":"closed","ping_status":"closed","template":"elementor_header_footer","meta":{"footnotes":""},"class_list":["post-87539","page","type-page","status-publish","hentry"],"yoast_head":"<!-- This site is optimized with the Yoast SEO plugin v26.4 - https:\/\/yoast.com\/wordpress\/plugins\/seo\/ -->\n<title>Ev\u00e9nements - Tremblay de France<\/title>\n<meta name=\"description\" content=\"Ev\u00e9nements\" \/>\n<meta name=\"robots\" content=\"index, follow, max-snippet:-1, max-image-preview:large, max-video-preview:-1\" \/>\n<link rel=\"canonical\" href=\"https:\/\/www.tremblaydefrance.fr\/?page_id=87539\" \/>\n<meta property=\"og:locale\" content=\"fr_FR\" \/>\n<meta property=\"og:type\" content=\"article\" \/>\n<meta property=\"og:title\" content=\"Ev\u00e9nements - Tremblay de France\" \/>\n<meta property=\"og:description\" content=\"Ev\u00e9nements\" \/>\n<meta property=\"og:url\" content=\"https:\/\/www.tremblaydefrance.fr\/?page_id=87539\" \/>\n<meta property=\"article:publisher\" content=\"https:\/\/www.facebook.com\/profile.php?id=100091318592407\" \/>\n<meta property=\"article:modified_time\" content=\"2025-12-07T19:41:44+00:00\" \/>\n<meta property=\"og:image\" content=\"https:\/\/www.tremblaydefrance.fr\/wp-content\/uploads\/2025\/10\/DSC_0134-scaled.jpg\" \/>\n\t<meta property=\"og:image:width\" content=\"2560\" \/>\n\t<meta property=\"og:image:height\" content=\"1700\" \/>\n\t<meta property=\"og:image:type\" content=\"image\/jpeg\" \/>\n<meta name=\"twitter:card\" content=\"summary_large_image\" \/>\n<meta name=\"twitter:label1\" content=\"Dur\u00e9e de lecture estim\u00e9e\" \/>\n\t<meta name=\"twitter:data1\" content=\"3 minutes\" \/>\n<script type=\"application\/ld+json\" class=\"yoast-schema-graph\">{\"@context\":\"https:\/\/schema.org\",\"@graph\":[{\"@type\":\"WebPage\",\"@id\":\"https:\/\/www.tremblaydefrance.fr\/?page_id=87539\",\"url\":\"https:\/\/www.tremblaydefrance.fr\/?page_id=87539\",\"name\":\"Ev\u00e9nements - Tremblay de France\",\"isPartOf\":{\"@id\":\"https:\/\/www.tremblaydefrance.fr\/#website\"},\"primaryImageOfPage\":{\"@id\":\"https:\/\/www.tremblaydefrance.fr\/?page_id=87539#primaryimage\"},\"image\":{\"@id\":\"https:\/\/www.tremblaydefrance.fr\/?page_id=87539#primaryimage\"},\"thumbnailUrl\":\"https:\/\/www.tremblaydefrance.fr\/wp-content\/uploads\/2025\/10\/DSC_0134-1024x680.jpg\",\"datePublished\":\"2025-10-05T18:20:22+00:00\",\"dateModified\":\"2025-12-07T19:41:44+00:00\",\"description\":\"Ev\u00e9nements\",\"breadcrumb\":{\"@id\":\"https:\/\/www.tremblaydefrance.fr\/?page_id=87539#breadcrumb\"},\"inLanguage\":\"fr-FR\",\"potentialAction\":[{\"@type\":\"ReadAction\",\"target\":[\"https:\/\/www.tremblaydefrance.fr\/?page_id=87539\"]}]},{\"@type\":\"ImageObject\",\"inLanguage\":\"fr-FR\",\"@id\":\"https:\/\/www.tremblaydefrance.fr\/?page_id=87539#primaryimage\",\"url\":\"https:\/\/www.tremblaydefrance.fr\/wp-content\/uploads\/2025\/10\/DSC_0134-scaled.jpg\",\"contentUrl\":\"https:\/\/www.tremblaydefrance.fr\/wp-content\/uploads\/2025\/10\/DSC_0134-scaled.jpg\",\"width\":2560,\"height\":1700},{\"@type\":\"BreadcrumbList\",\"@id\":\"https:\/\/www.tremblaydefrance.fr\/?page_id=87539#breadcrumb\",\"itemListElement\":[{\"@type\":\"ListItem\",\"position\":1,\"name\":\"Accueil\",\"item\":\"https:\/\/www.tremblaydefrance.fr\/\"},{\"@type\":\"ListItem\",\"position\":2,\"name\":\"Notre association\",\"item\":\"https:\/\/www.tremblaydefrance.fr\/?page_id=87725\"},{\"@type\":\"ListItem\",\"position\":3,\"name\":\"Ev\u00e9nements\"}]},{\"@type\":\"WebSite\",\"@id\":\"https:\/\/www.tremblaydefrance.fr\/#website\",\"url\":\"https:\/\/www.tremblaydefrance.fr\/\",\"name\":\"Association des Tremblay de France\",\"description\":\"ASSOCIATION DES TREMBLAY DE FRANCE\",\"publisher\":{\"@id\":\"https:\/\/www.tremblaydefrance.fr\/#organization\"},\"alternateName\":\"ATF\",\"potentialAction\":[{\"@type\":\"SearchAction\",\"target\":{\"@type\":\"EntryPoint\",\"urlTemplate\":\"https:\/\/www.tremblaydefrance.fr\/?s={search_term_string}\"},\"query-input\":{\"@type\":\"PropertyValueSpecification\",\"valueRequired\":true,\"valueName\":\"search_term_string\"}}],\"inLanguage\":\"fr-FR\"},{\"@type\":\"Organization\",\"@id\":\"https:\/\/www.tremblaydefrance.fr\/#organization\",\"name\":\"Association des Tremblay de France\",\"alternateName\":\"ATF\",\"url\":\"https:\/\/www.tremblaydefrance.fr\/\",\"logo\":{\"@type\":\"ImageObject\",\"inLanguage\":\"fr-FR\",\"@id\":\"https:\/\/www.tremblaydefrance.fr\/#\/schema\/logo\/image\/\",\"url\":\"https:\/\/www.tremblaydefrance.fr\/wp-content\/uploads\/2025\/10\/cropped-v266-20060023-A_arms_TEVSB.jpg\",\"contentUrl\":\"https:\/\/www.tremblaydefrance.fr\/wp-content\/uploads\/2025\/10\/cropped-v266-20060023-A_arms_TEVSB.jpg\",\"width\":484,\"height\":495,\"caption\":\"Association des Tremblay de France\"},\"image\":{\"@id\":\"https:\/\/www.tremblaydefrance.fr\/#\/schema\/logo\/image\/\"},\"sameAs\":[\"https:\/\/www.facebook.com\/profile.php?id=100091318592407\",\"https:\/\/www.instagram.com\/les_tremblay_de_france_atf\/\"]}]}<\/script>\n<!-- \/ Yoast SEO plugin. -->","yoast_head_json":{"title":"Ev\u00e9nements - Tremblay de France","description":"Ev\u00e9nements","robots":{"index":"index","follow":"follow","max-snippet":"max-snippet:-1","max-image-preview":"max-image-preview:large","max-video-preview":"max-video-preview:-1"},"canonical":"https:\/\/www.tremblaydefrance.fr\/?page_id=87539","og_locale":"fr_FR","og_type":"article","og_title":"Ev\u00e9nements - Tremblay de France","og_description":"Ev\u00e9nements","og_url":"https:\/\/www.tremblaydefrance.fr\/?page_id=87539","article_publisher":"https:\/\/www.facebook.com\/profile.php?id=100091318592407","article_modified_time":"2025-12-07T19:41:44+00:00","og_image":[{"width":2560,"height":1700,"url":"https:\/\/www.tremblaydefrance.fr\/wp-content\/uploads\/2025\/10\/DSC_0134-scaled.jpg","type":"image\/jpeg"}],"twitter_card":"summary_large_image","twitter_misc":{"Dur\u00e9e de lecture estim\u00e9e":"3 minutes"},"schema":{"@context":"https:\/\/schema.org","@graph":[{"@type":"WebPage","@id":"https:\/\/www.tremblaydefrance.fr\/?page_id=87539","url":"https:\/\/www.tremblaydefrance.fr\/?page_id=87539","name":"Ev\u00e9nements - Tremblay de France","isPartOf":{"@id":"https:\/\/www.tremblaydefrance.fr\/#website"},"primaryImageOfPage":{"@id":"https:\/\/www.tremblaydefrance.fr\/?page_id=87539#primaryimage"},"image":{"@id":"https:\/\/www.tremblaydefrance.fr\/?page_id=87539#primaryimage"},"thumbnailUrl":"https:\/\/www.tremblaydefrance.fr\/wp-content\/uploads\/2025\/10\/DSC_0134-1024x680.jpg","datePublished":"2025-10-05T18:20:22+00:00","dateModified":"2025-12-07T19:41:44+00:00","description":"Ev\u00e9nements","breadcrumb":{"@id":"https:\/\/www.tremblaydefrance.fr\/?page_id=87539#breadcrumb"},"inLanguage":"fr-FR","potentialAction":[{"@type":"ReadAction","target":["https:\/\/www.tremblaydefrance.fr\/?page_id=87539"]}]},{"@type":"ImageObject","inLanguage":"fr-FR","@id":"https:\/\/www.tremblaydefrance.fr\/?page_id=87539#primaryimage","url":"https:\/\/www.tremblaydefrance.fr\/wp-content\/uploads\/2025\/10\/DSC_0134-scaled.jpg","contentUrl":"https:\/\/www.tremblaydefrance.fr\/wp-content\/uploads\/2025\/10\/DSC_0134-scaled.jpg","width":2560,"height":1700},{"@type":"BreadcrumbList","@id":"https:\/\/www.tremblaydefrance.fr\/?page_id=87539#breadcrumb","itemListElement":[{"@type":"ListItem","position":1,"name":"Accueil","item":"https:\/\/www.tremblaydefrance.fr\/"},{"@type":"ListItem","position":2,"name":"Notre association","item":"https:\/\/www.tremblaydefrance.fr\/?page_id=87725"},{"@type":"ListItem","position":3,"name":"Ev\u00e9nements"}]},{"@type":"WebSite","@id":"https:\/\/www.tremblaydefrance.fr\/#website","url":"https:\/\/www.tremblaydefrance.fr\/","name":"Association des Tremblay de France","description":"ASSOCIATION DES TREMBLAY DE FRANCE","publisher":{"@id":"https:\/\/www.tremblaydefrance.fr\/#organization"},"alternateName":"ATF","potentialAction":[{"@type":"SearchAction","target":{"@type":"EntryPoint","urlTemplate":"https:\/\/www.tremblaydefrance.fr\/?s={search_term_string}"},"query-input":{"@type":"PropertyValueSpecification","valueRequired":true,"valueName":"search_term_string"}}],"inLanguage":"fr-FR"},{"@type":"Organization","@id":"https:\/\/www.tremblaydefrance.fr\/#organization","name":"Association des Tremblay de France","alternateName":"ATF","url":"https:\/\/www.tremblaydefrance.fr\/","logo":{"@type":"ImageObject","inLanguage":"fr-FR","@id":"https:\/\/www.tremblaydefrance.fr\/#\/schema\/logo\/image\/","url":"https:\/\/www.tremblaydefrance.fr\/wp-content\/uploads\/2025\/10\/cropped-v266-20060023-A_arms_TEVSB.jpg","contentUrl":"https:\/\/www.tremblaydefrance.fr\/wp-content\/uploads\/2025\/10\/cropped-v266-20060023-A_arms_TEVSB.jpg","width":484,"height":495,"caption":"Association des Tremblay de France"},"image":{"@id":"https:\/\/www.tremblaydefrance.fr\/#\/schema\/logo\/image\/"},"sameAs":["https:\/\/www.facebook.com\/profile.php?id=100091318592407","https:\/\/www.instagram.com\/les_tremblay_de_france_atf\/"]}]}},"_links":{"self":[{"href":"https:\/\/www.tremblaydefrance.fr\/index.php?rest_route=\/wp\/v2\/pages\/87539","targetHints":{"allow":["GET"]}}],"collection":[{"href":"https:\/\/www.tremblaydefrance.fr\/index.php?rest_route=\/wp\/v2\/pages"}],"about":[{"href":"https:\/\/www.tremblaydefrance.fr\/index.php?rest_route=\/wp\/v2\/types\/page"}],"author":[{"embeddable":true,"href":"https:\/\/www.tremblaydefrance.fr\/index.php?rest_route=\/wp\/v2\/users\/2"}],"replies":[{"embeddable":true,"href":"https:\/\/www.tremblaydefrance.fr\/index.php?rest_route=%2Fwp%2Fv2%2Fcomments&post=87539"}],"version-history":[{"count":51,"href":"https:\/\/www.tremblaydefrance.fr\/index.php?rest_route=\/wp\/v2\/pages\/87539\/revisions"}],"predecessor-version":[{"id":88006,"href":"https:\/\/www.tremblaydefrance.fr\/index.php?rest_route=\/wp\/v2\/pages\/87539\/revisions\/88006"}],"up":[{"embeddable":true,"href":"https:\/\/www.tremblaydefrance.fr\/index.php?rest_route=\/wp\/v2\/pages\/87725"}],"wp:attachment":[{"href":"https:\/\/www.tremblaydefrance.fr\/index.php?rest_route=%2Fwp%2Fv2%2Fmedia&parent=87539"}],"curies":[{"name":"wp","href":"https:\/\/api.w.org\/{rel}","templated":true}]}}